).
-14
Evaluate 21 + (-13 - 9) + (2 - 0).
1
What is the value of -1 + -11 + 5 + -25 + 7?
-25
Evaluate 5 - (-4 + -21 + (-51 - -55)).
26
Calculate (-8 + 7 + -8 - -7) + (-14 - -13).
-3
Evaluate (5 - 12) + 11 + -3 + 7.
8
Calculate 5 + (6 + 5 - (2 - 0)).
14
Calculate -18 - (18 + (-26 - -2)).
-12
0 + (-1 - (3 - 1)) + (-36 - -44)
5
Calculate (9 - -15 - 16) + -7.
1
Calculate -7 - (44 - 14 - 23 - (28 + 2)).
16
Evaluate 21 + (-2 - 23) + -15.
-19
Calculate (6 - 2) + (10 - 4 - (37 + -22)).
-5
-24 - -6 - (2 - 6)
-14
Evaluate -2 + -1 + (-102 - -74).
-31
Calculate -3 - -4 - (6 + (5 - 7) + 6).
-9
Calculate -11 - -3 - (-1 + -4 - -8).
-11
-2 + -10 - -45 - 28
5
What is the value of (1 - (18 + -4)) + 16 + -7 + -5?
-9
Calculate -21 - (-3 + -8) - (-1 + 0 + -6).
-3
Calculate 6 + -14 + -7 + (2 - 4).
-17
What is the value of 0 + 10 + (-4 - -8 - 0)?
14
Evaluate -5 - -2 - -6 - (-30 - (-19 - -10)).
24
5 + -25 + 113 + -114
-21
What is 23 + -18 + 9 + -9?
5
Calculate 12 - (4 + 16 - (13 - 2)).
3
What is the value of (0 + 0 - (0 + 9)) + -2 + 9?
-2
(3 - -2) + (-35 - -31)
1
Evaluate (-17 - -11) + 6 + (1 - 2) + 4.
3
Evaluate (-14 - 0) + (20 + -3 - -14) + -24.
-7
What is 6 + -11 + 3 + 6 - -20?
24
-22 - (-20 + 0 + -23)
21
Evaluate -7 + 14 + (1 - -5 - 3) + -3.
7
What is 16 + (-40 - (8 - 19)) + -12?
-25
What is the value of -2 + 22 + (-9 - -1) + 20 + -14?
18
6 - (-8 - (-16 - (5 - 6))) - -20
19
What is (6 - 16) + 12 - (-1 - (-4 - 3))?
-4
Calculate (7 - 0) + -7 - (-11 - -6) - 6.
-1
Calculate -58 + 51 - (-7 - (-1 - 1)).
-2
Evaluate (-17 - 15) + 15 + -2.
-19
What is -5 + 18 + -11 + 8?
10
What is -11 + (-1 - -5) + 11?
4
(7 + -15 + 7 - -7) + 7 + -5
8
(-22 - (-53 + 26)) + 18
23
Evaluate ((3 - 3) + 0 - -19) + (-8 - -3).
14
What is 15 + 18 - 72 - -19?
-20
What is -27 + (-2 + -6 - (2 + -21))?
-16
2 + (-3 - (-1 + 3))
-3
What is (-1 + 3 - (5 - 4)) + -22 + 43?
22
Evaluate (13 - (2 - 4)) + 7 + -7.
15
Evaluate -18 - -1 - (-61 + 32 - -23).
-11
What is -39 - -26 - (-18 + -5 - 2)?
12
(3 - -11 - (-5 - -7)) + 27
39
What is the value of 42 + -8 - (12 + -19 - -20)?
21
Calculate 2 - (-21 + (-34 - -60)).
-3
What is (-7 - 51) + 69 - (21 + -1)?
-9
Evaluate 13 + -24 + 0 + (222 - 233).
-22
Evaluate 94 + -56 - (-6 - -13).
31
What is the value of -28 - (-2 - 11) - 9 - -5?
-19
What is the value of 0 + (11 - 31) + 13?
-7
Calculate 4 + -20 + 8 + 6 + 19.
17
-15 - -3 - (92 + -131)
27
What is (5 - (5 + 12)) + -8 + -5?
-25
Evaluate 0 + 5 + 7 + (-3 - 4) + 2.
7
Calculate -1 + -10 + 7 + 20 + -25.
-9
8 + -65 + 59 + (3 + 1 - 2)
4
What is -14 - -4 - 14 - -14?
-10
What is the value of 8 + (31 - 27) - 11?
1
What is the value of -33 + (49 - (-18 + 5))?
29
Evaluate -5 + (23 - 24 - (0 + -4)) - -14.
12
Calculate 5 + (-1 - 3 - ((-2 - 2) + 7)).
-2
Calculate -1 + -1 - -20 - (-20 - -38 - 19).
19
What is the value of -34 - (8 - (1 + (0 - -11)))?
-30
Calculate 3 + (4 - 1) - (-7 + 6 + -5).
12
What is the value of 31 + -31 - (-3 + 5 + 2 - -9)?
-13
What is 0 - -5 - 9 - (-4 - (2 + 10))?
12
-199 - -198 - (1 + (-1 - 17))
16
(-14 - -2) + (41 - -22) + -30
21
Evaluate -3 + (1 - -6 - (9 - 9 - 8)).
12
1 - (-13 - -33) - (0 - 2 - -11)
-28
What is the value of (4 - (-2 - (-7 - -5))) + -5 - -13?
12
Evaluate -3 - 1 - (-1 + 16 + (-56 - -46)).
-9
Evaluate -25 + 13 - -7 - (-4 - 9).
8
-5 + (-14 - -20) + 10
11
-13 + 26 + (53 - 47)
19
Calculate -2 + -22 - (1 - (-11 - -27)).
-9
Evaluate -12 + 1 + 66 + -63.
-8
Evaluate -29 - -33 - (2 + (-5 - (-2 - -5))).
10
(-10 + 8 + 11 - (0 - -1)) + -31
-23
Calculate -3 + 5 + 1 - 4 - (137 - 149).
11
What is 24 - 4 - (73 + -63) - (8 - 1)?
3
What is the value of 3 - (-1 + 3 - (8 - (8 - 5)))?
6
Evaluate 2 + 1 - (-495 - -510).
-12
Calculate 33 - (-35 + 53 + -6).
21
Calculate 0 + -5 + (11 + 2 - (-18 + 21)).
5
What is the value of -1 - (-9 - (1 - (9 - (20 + -7))))?
13
What is the value of -13 + -3 + -13 + 6 + 15?
-8
Calculate -28 - (-4 - (29 - 0)).
5
What is (-31 - -31) + (2 - 3) + 1 + 2?
2
Evaluate (-111 - -44 - -66) + -2 + 15.
12
What is the value of -8 + (2 + 17 - 10)?
1
What is the value of (3 - 7) + -2 - 8?
-14
What is 33 - (-10 - (-25 - (-14 + 7)))?
25
What is (-23 + 38 - -19) + -11?
23
What is 11 + -1 + (376 - 382)?
4
Calculate (7 + 2 + -6 - -2 - 26) + 8.
-13
What is (2 + -1 - 10) + (-8 + 13 - -2)?
-2
Calculate (1 - 6) + (-20 - -7) + 4.
-14
Calculate 2 - 18 - (47 - 72).
9
Evaluate (1 - 7) + 3 - (8 - (18 + -10)).
-3
Calculate (-2 - 0) + -10 + 1 + 9.
-2
14 - (22 - ((37 - 14) + -12))
3
What is the value of 11 - ((-20 - -9) + 27 - -17)?
-22
What is (16 + -5 - 14) + -7 + 1?
-9
Evaluate 9 + (-11 - 3) + (11 - 0).
6
What is the value of 7 - (-8 - -5 - -3) - 13?
-6
Evaluate 3 - (0 + 1 + -1 + (-23 - -20)).
6
What is the value of -12 + (-3 + -18 - -30)?
-3
What is the value of -23 + -1 + (-546 - -554)?
-16
What is 4 + -1 - (5 + (1 - 4)) - 5?
-4
Evaluate -7 + 1 + (19 - (22 + -3)).
-6
Calculate -17 - -3 - (2 + (7 - 6) + -8).
-9
16 - (10 + (-4 - 7) + 13)
4
Evaluate -5 + 16 + -14 + 0.
-3
What is -14 - ((14 - 21) + 15)?
-22
What is (-3 - -2 - 6) + (-79 - -78)?
-8
What is the value of 5 + -15 + 0 - -1 - (-22 - -12)?
1
Evaluate -9 - ((1 - (-4 - -18)) + -6).
10
What is 28 + -8 - (-2 + 15)?
7
Evaluate -9 + (-4 + -5 + 8 - -4) + 1.
-5
What is the value of 65 + -57 + (-1 - (17 - 1))?
-9
Evaluate -1 + (0 + 3 + (-19 - -20) - 7).
-4
Evaluate 13 + 35 - (10 + 19 + -12).
31
What is -4 + 1 + 6 + -4 + 7 - -1?
7
What is 40 + -49 + (-1 - 4)?
-14
Calculate (8 - 9) + ((-3 - 2) + 4 - 1).
-3
Evaluate -11 + 3 + 5 - (-14 - (-55 - -21)).
-23
What is -2 + (1 - -14) + -9?
4
7 + (11 + -4 - 3 - 6) + -5
0
(36 - (9 + 7)) + -4
16
What is -5 - (-35 - -8) - 15?
7
Calculate 1 - 5 - (2 - -3) - 11.
-20
What is the value of 2 - ((-3 - -3) + -5) - 5?
2
(-7 - (-6 + -1)) + -7 - -3
-4
Evaluate -2 - (-3 + 12 + 8 + -6).
-13
Evaluate (102 - 122) + (12 - -2).
-6
What is the value of 4 + 22 + 4 + -18?
12
Evaluate (14 + (-21 - -5) - -14) + 0.
12
Calculate -8 - (-5 + (10 - 0)) - -35.
22
Calculate 1 - ((32 - 18 - 12) + 16).
-17
Calculate (-19 - -11 - -2) + (13 - -3 - -3).
13
Evaluate -20 + -9 + 16 - -14.
1
What is -29 + 21 - -12 - (-1 - 2)?
7
What is -12 + (-7 - -12) - (-13 - (7 - 2))?
11
What is the value of 16 - ((38 - 33) + (-1 - -4))?
8
Calculate (-2 - 5) + 18 + -4 + 16 + 4.
27
Evaluate -4 - ((-15 - -13) + -11).
9
Evaluate -4 + ((-6 - -10) + -3 - -3) - 0.
0
What is (9 - 12) + 19 - (-9 - -12)?
13
What is -2 + (8 + -15 - -18) - (-3 - 4)?
16
What is the value of (6 + -10 - -20) + -26?
-10
What is (-16 - (-14 - -12)) + (9 - 4) + -9?
-18
What is -323 + 335 + (-1 - 29)?
-18
Calculate -3 + 20 - (-57 - -66).
8
What is the value of -5 - (-11 - 1 - -10)?
-3
Calculate -36 + (2 - 3) - (13 - (12 - -11)).
-27
What is the value of ((-4 - 6) + -4 - -7) + 9?
2
What is 10 + -7 + 22 + -8 + -13?
4
Evaluate 5 + -15 + (25 - 12) + 17.
20
-1 + -6 - (342 + -343)
-6
-2 - (3 + -4 + (0 + 10 - 6))
-5
-7 - (2 + 5 + -8 + 0)
-6
What is the value of (-1 - -6 - 6) + (6 + -10 - -4)?
-1
Evaluate -5 - (30 + -36 + -21 - (2 - 2)).
22
What is the value of -17 + 15 - (4 + (-1 - 22)) - 6?
11
Calculate 24 - (18 - (41 + -20)).
27
What is the value of (5 - 13) + 14 + 0?
6
Evaluate -1 + 0 + (11 - 16 - (1 - 11)).
4
What is the value of 100 + -105 - (4 - 2 - (-2 - -1))?
-8
Evaluate -16 + 1 + (-14 - -15).
-14
What is (-2 - -4 - (-6 + 1)) + (-22 - -22)?
7
What is (17 + -23 - -13) + 1 + (-4 - 0)?
4
Calculate -32 - ((-1 - -5) + -28 + 13).
-21
What is 18 + (-4 - 2) + -2 + (-4 - -9)?
15
18 + (-25 - -11) + (-11 - -6)
-1
Evaluate -14 + -2 + (-302 - -326).
8
Calculate 11 + -52 + (4 + 12 - 5).
-30
Calculate (106 - 85) + -11 + -1 - 3.
6
(-6 - (-6 + 1) - -8) + -1
6
What is the value of 0 - 0 - (4 - (-1 - (6 + -9)))?
-2
Evaluate 10 - (30 - ((-8 - 7) + 4)) - -10.
-21
-5 + 12 - -4 - (-20 - -14 - -7)
10
Evaluate 14 + -20 - (-8 - -9) - (-23 + -12).
28
Evaluate 4 + 11 - (-122 - -102).
35
What is 3 + -16 + 22 + (-2 - -1 - -4)?
12
Evaluate (41 - 63 - -61) + (1 + -1 - 11).
28
Calculate (-7 - 1) + 56 - (-3 + 21).
30
What is 7 + -10 + 8 + -5 + 4 + -1?
3
(1 - 13 - (-16 + 10 + 2)) + -6
-14
Evaluate 29 + -22 + 6 + -24 + (3 - 6).
-14
Evaluate 1 + (2 + -15 - -22) + (-2 - 16).
-8
What is the value of 1 + (-10 - (-5 + 10 - 9)) + 2?
-3
What is -1 - 15 - (102 + -135 + 25)?
-8
Calculate -8 + (11 - (23 - 9)).
-11
What is (-869 - -877) + 2 + -1 + -1 - 21?
-13
